(f) = -f**3 + 5*f**2 + 7*f - 7. Let l be i(6). Suppose -5*w + 455 = b, w + 273 = 4*w + 5*b. Is l + -1 + w/1 a composite number?
False
Let y = -3 + 6. Let w = y - -46. Is w composite?
True
Suppose 13*l - 15219 = 4*l. Is l a composite number?
True
Let g = -126 + 179. Is g a prime number?
True
Let u(t) = 3*t**2 - 6*t + 10. Is u(-9) a composite number?
False
Let t = 1 + 1. Let b(k) = 0*k**t + 6*k + 3 - 8 - 7*k**2 + 2*k**3. Is b(4) composite?
True
Let f = 386 - 19. Is f composite?
False
Suppose -i + 207 = -128. Is i a composite number?
True
Let a be 2 + -7 + 2 + 7. Suppose 0 = 3*l - a*l. Suppose 0 = j - u - l*u - 86, u + 335 = 4*j. Is j composite?
False
Let q = 2447 + -1188. Is q composite?
False
Let t = -2 - -37. Is t prime?
False
Let b(v) = -35*v**3 + v**2 + 2*v + 3. Let k(f) = 17 + 14*f - 3*f - 1 + 6*f**2 - 174*f**3. Let z(p) = 11*b(p) - 2*k(p). Is z(-1) prime?
True
Let t = -6 - -2. Is 37*-6*2/t a prime number?
False
Let h be (-4 - -1)/(2/(-6)). Let c = -7 + h. Suppose -c*a = 5*t - 39, 2*a + 3*t = -5 + 34. Is a composite?
False
Let j(c) be the third derivative of c**6/120 - c**5/20 + c**4/12 - c**3/6 - 2*c**2. Is j(6) composite?
True
Let r(b) = -b**2 + 36*b - 24. Is r(17) a composite number?
True
Let z = -4 + 4. Let a = z - 0. Suppose 0 = 2*n - a*n - 74. Is n a prime number?
True
Let x(j) = 1053*j**2 + 2*j. Is x(1) prime?
False
Is ((-88)/(-12) + -3)*57 a composite number?
True
Let i = 697 - 1015. Is (i/8)/((-1)/4) composite?
True
Let t = 12 - 4. Let s = 151 - t. Is s a composite number?
True
Let y(z) = z**3 - 8*z**2 + 6*z + 17. Let r be y(7). Let b = 29 - r. Is b a prime number?
True
Let z(c) = 0 - 5 - 7*c - 2*c**2 + 0*c**2 + 3*c**2. Is z(-8) composite?
True
Let s = 4 - 0. Suppose 2*x + s - 18 = 0. Is x a composite number?
False
Is (-3)/((-3)/(-1))*(-709)/1 prime?
True
Is 16650/36 - 2/(-4) a prime number?
True
Let z be 3/(-6) + (-218)/4. Let t = z - -100. Suppose 0*n = 3*n - t. Is n prime?
False
Let n(c) = c**2 + 2*c - 3. Let o be n(2). Suppose o = -t - b + 1, 3*b = 2*t + 3. Is 2/2 + (t - -89) a prime number?
False
Let r(u) = u**2 - 6*u + 6. Is r(-7) a prime number?
True
Suppose 785 = -w + 6*w. Is w a prime number?
True
Let s(k) = k**2 + 1. Let j(n) = n**3 + n**2 - 4*n + 2. Let b(m) = -j(m) - s(m). Is b(-4) composite?
False
Let f(d) = 42*d + 5. Let t be f(4). Let z = -96 + t. Is z a composite number?
True
Let b = 3301 + -1554. Is b a composite number?
False
Suppose -8*d - 50 = -3*d. Let k(i) = i**3 + 13*i**2 + 12*i - 1. Is k(d) a composite number?
False
Suppose 26 = 3*n - 28. Suppose 2*h = 5*h - n. Is 0 + -1 - (-2 - h) composite?
False
Let r(m) = -18*m - 3. Is r(-14) prime?
False
Is 2788 - ((-1)/(-5) - (-12)/(-10)) a composite number?
False
Suppose -5*r + 8*r - 381 = 0. Is r prime?
True
Let r(o) = o**3 - 5*o**2 + 3*o - 10. Let q be r(5). Let t be (-32 - -1)*(-3 - -2). Suppose -4*j = q*a - 23, 2*j + t = 4*a + j. Is a a prime number?
True
Let n(a) = -a**3 - 4*a**2 - 5*a - 2. Let g be n(-3). Suppose 15 = g*d - 73. Is d composite?
True
Suppose -n - n = -6. Is 35/(n - (2 - 0)) a composite number?
True
Let m(l) = 5*l**2 + 2*l - 6. Suppose o - 6*o = -40. Suppose w - 2*t = 5*w - 16, 0 = -2*w + 4*t + o. Is m(w) a composite number?
True
Let m(t) = -12*t + 17. Is m(-16) composite?
True
Suppose 3*w + 12 = 5*o - 11, 5*o - w - 21 = 0. Suppose 2*r = o*u - 18, 5*r - 9 = -3*u + 2*r. Suppose -n = -5, -4*b + 3*b + u*n = -35. Is b composite?
True
Let a = 0 + 2. Suppose -2*k = -3*k. Is 0 - (k/a + -85) composite?
True
Suppose 2*z - 26 - 38 = w, 0 = -5*w + 5*z - 340. Let y = w + 193. Suppose 0*u + 5*u - 633 = -n, u + 3*n = y. Is u prime?
True
Let m(l) = 3*l + 0 + 5*l + 1. Let u be m(1). Suppose q - 5*x = u, -3*x = q - x - 44. Is q prime?
False
Let t = -25 - -42. Suppose -h + 73 = -m, 0 = 4*h + 5*m - 345 + t. Is h a prime number?
False
Let q be (185/3)/((-4)/(-12)). Suppose k - q = -4*k. Is k composite?
False
Let c = 80 - 134. Let h(f) = -f**3 + 2*f**2 - f. Let s be h(3). Is (-1181)/(-9) - s/c prime?
True
Suppose 3*n + 2*n - 40 = -5*g, -5*g = -3*n - 8. Suppose 0*i = -n*i - 48. Let k = 23 + i. Is k prime?
True
Let b = 1035 + -494. Is b a composite number?
False
Suppose 0*q + 2*q = 5*c, -5*q = -25. Suppose -c*d + 10 = 5*v, 0*d + d - 27 = 3*v. Is d prime?
False
Suppose 7*c - 11*c - 24 = 0. Let x = c - -40. Is x composite?
True
Suppose -5*a = 0, -4*f - 3119 + 731 = -a. Is (-2)/(-3 + f/(-201)) a composite number?
False
Let j(c) = c - 6. Let h be j(5). Let u be -1 + h/((-2)/(-4)). Let i(z) = -2*z**3 + z**2 + 3*z + 1. Is i(u) prime?
False
Let m(v) = 472*v**2 + 6*v + 6. Is m(-2) prime?
False
Suppose 0*z + 4 = 2*z. Suppose -d + 105 = z*d. Is d composite?
True
Suppose 0 = -3*a - 5 - 7. Is -6*(a + 63/(-2)) a prime number?
False
Suppose -124 = -13*j + 9*j. Suppose -3 = 3*v + 3. Is (-2 - j)/(3/v) composite?
True
Let k = 545 + -306. Is k composite?
False
Suppose 0 = 5*i - 85 - 170. Is i a composite number?
True
Suppose -h - 23 = 5*p, h + h + 2*p = -14. Let s(v) = -11*v + 5. Let c(q) = 11*q - 6. Let n(d) = 3*c(d) + 4*s(d). Is n(h) prime?
False
Suppose 5*g - 9 - 1 = 0. Let j(p) = 3*p + 5 - 4*p + 3*p**2 - g*p**2. Is j(-5) a composite number?
True
Let p = 1 - 1. Let s = -8 - p. Is 117/12 + (-2)/s a prime number?
False
Is 254 - ((-6)/(-2) - (-2 + 5)) a composite number?
True
Let a(l) = -l - 3 + 2*l - 5 + l. Let y be a(6). Suppose -3*n + 5*g = -432, -3*n + y*n + 2*g - 155 = 0. Is n prime?
True
Suppose -3082 = -4*a - 146. Is a composite?
True
Suppose -4*o + 3 = -3*o. Suppose -5 = b - 1, o*p - 5*b + 4 = 0. Let u(a) = a**3 + 10*a**2 - 4*a - 11. Is u(p) prime?
True
Let x be (-3 - (-435)/(-6))*2. Let a(s) = 369*s**2 + 1. Let n be a(-1). Let b = x + n. Is b composite?
True
Let b be (-12)/2 - (2 - 0). Let s(u) = -3*u - 3. Is s(b) composite?
True
Let a(u) = -u + 16. Let x be a(11). Suppose -x*j = -103 - 62. Is j a composite number?
True
Let d = -117 - -185. Is (d/(-10))/(4/(-20)) a prime number?
False
Suppose 5*d + x = 661, 4*d - 2*x = -d + 673. Is d composite?
True
Suppose 0 = g - 4*h - 456 - 137, -2*h = 2*g - 1236. Is g prime?
True
Let i(w) = 58*w**2 + w + 1. Let f be i(-1). Let y = f - 21. Is y a composite number?
False
Suppose 0 = p - 2*l - 269, p + 5*l - 195 - 102 = 0. Suppose u = -4*q + p, 4*u + 4*q - 914 - 134 = 0. Is u composite?
False
Is 109482/26 + (-4)/(-26) a prime number?
True
Let r(l) = 238*l**2 + 4*l + 11. Is r(-2) a prime number?
False
Is (-1)/4 - ((-8415)/12 - 0) a composite number?
False
Suppose -2*n = -4*z + 6*z - 22, 3*n = 5*z + 25. Let p(g) = -g**3 + 10*g**2 + 5*g - 10. Let u be p(n). Let w = u + -17. Is w a composite number?
False
Suppose 4*y - 3 = 69. Suppose 0 = -3*q + i + 16, -i - 3 + 7 = 2*q. Suppose q*f - f - y = 0. Is f a prime number?
False
Let x = 2 - 0. Suppose -j + 0*j - x = w, 2*w - 3*j - 1 = 0. Is ((-3)/(-4))/(w/(-44)) a prime number?
False
Suppose 0*w = w + 58. Let b = w - -155. Let t = 188 - b. Is t a prime number?
False
Let p(q) = -q**3 + 0*q**2 + 4*q**2 + 5*q**2 + 7 - 8*q. Suppose -4 = -h - 4*b, -h + 2*b + 7 = -3. Is p(h) composite?
False
Suppose 3*o - 2*p = 294 + 605, 0 = 3*o - p - 898. Is o prime?
False
Suppose 0*q - 4*p = 3*q - 870, q + 5*p = 290. Let m = -163 + q. Is m composite?
False
Let z be 6/(4 + -1)*-1. Let k be z/10 + 255/25. Let x = 53 - k. Is x prime?
True
Suppose 1245 = 2*u + u. Let f = -756 - -526. Let r = u + f. Is r prime?
False
Suppose -115 = -2*w + 131. Is w prime?
False
Suppose -5*c - t + 152 = 0, -2*c + 5*t = -c - 46. Suppose -c = 4*n - 363. Is n composite?
False
Let m(c) = 5*c**2 - 21*c + 5. Is m(11) composite?
False
Suppose -2*k + 2 = -4*v, 0*v + 2*v - 6 = 0. Suppose -a + 0*p - 3*p = -k, p = -2*a + 24. Is a prime?
True
Let r be 18/(-12)*(-2710)/3. Suppose 0 = -5*z + 3*z, -2*z = -5*p + r. Is p composite?
False
Let d(r) = 2*r**3 - 10*r**2 - 8*r - 3. Is d(8) a composite number?
False
Let z(a) = 8*a**2 - 4*a + 1. Is z(-5) a prime number?
False
Suppose p + w - 1091 = 0, -2*p = 4*w - 3154 + 964. Is p a composite number?
False
Let w(n) = 3*n - 1 - n + 3. Let x be w(2). Suppose -4*v - 5*q + 8 = 0, 0 = -v + 3*q - x*q - 5. Is v a composite number?
False
Suppose -2*w = 3*w - 25. Suppose 20 = w*n - n. Suppose 0 = x + 2*t - 43, 0 = -n*x + 4*t + 166 + 7. Is x prime?
True
Suppose l + 2*q = 1430, 4*l = 6*l - 3*q - 2860. Let o be (-6)/(-24) - l/(-8